{"id":3784,"date":"2023-08-23T13:49:26","date_gmt":"2023-08-23T11:49:26","guid":{"rendered":"http:\/\/av.dlinks.fr\/lm113757\/?page_id=3784"},"modified":"2023-08-23T16:19:57","modified_gmt":"2023-08-23T14:19:57","slug":"droit-des-societes","status":"publish","type":"page","link":"https:\/\/av.dlinks.fr\/lm113757\/index.php\/droit-des-societes\/","title":{"rendered":"Droit des soci\u00e9t\u00e9s"},"content":{"rendered":"\t\t<div data-elementor-type=\"wp-page\" data-elementor-id=\"3784\" class=\"elementor elementor-3784\">\n\t\t\t\t\t\t<div class=\"elementor-inner\">\n\t\t\t\t<div class=\"elementor-section-wrap\">\n\t\t\t\t\t\t\t\t\t<section class=\"elementor-section elementor-top-section elementor-element elementor-element-eb0d2a3 elementor-section-boxed elementor-section-gap-beside-yes elementor-section-height-default elementor-section-height-default elementor-section-column-vertical-align-stretch\" data-id=\"eb0d2a3\" data-element_type=\"section\" data-settings=\"{&quot;background_background&quot;:&quot;classic&quot;}\">\n\t\t\t\t\t\t<div class=\"elementor-container elementor-column-gap-extended\">\n\t\t\t\t\t\t\t<div class=\"elementor-row\">\n\t\t\t\t\t<div class=\"elementor-column elementor-col-100 elementor-top-column elementor-element elementor-element-b7bb978\" data-id=\"b7bb978\" data-element_type=\"column\">\n\t\t\t<div class=\"elementor-column-wrap elementor-element-populated\">\n\t\t\t\t\t\t\t<div class=\"elementor-widget-wrap\">\n\t\t\t\t\t\t<div class=\"elementor-element elementor-element-fb65254 elementor-invisible elementor-widget elementor-widget-tm-heading\" data-id=\"fb65254\" data-element_type=\"widget\" data-settings=\"{&quot;_animation&quot;:&quot;unicampFadeInUp&quot;}\" data-widget_type=\"tm-heading.default\">\n\t\t\t\t<div class=\"elementor-widget-container\">\n\t\t\t\t\t<div class=\"tm-modern-heading\">\n\t\t\t\n\t\t\t\t\t<div class=\"heading-primary-wrap\">\n\t\t\t<h2 class=\"heading-primary elementor-heading-title\">Conseil et optimisation globale de votre activit\u00e9 professionnelle<\/h2>\t\t<\/div>\n\t\t\n\t\t\t\n\t\t\t\t\t<\/div>\n\t\t\t\t<\/div>\n\t\t\t\t<\/div>\n\t\t\t\t\t\t<\/div>\n\t\t\t\t\t<\/div>\n\t\t<\/div>\n\t\t\t\t\t\t\t\t<\/div>\n\t\t\t\t\t<\/div>\n\t\t<\/section>\n\t\t\t\t<section class=\"elementor-section elementor-top-section elementor-element elementor-element-0e7e6a1 elementor-section-boxed elementor-section-gap-beside-yes elementor-section-height-default elementor-section-height-default elementor-section-column-vertical-align-stretch\" data-id=\"0e7e6a1\" data-element_type=\"section\">\n\t\t\t\t\t\t<div class=\"elementor-container elementor-column-gap-extended\">\n\t\t\t\t\t\t\t<div class=\"elementor-row\">\n\t\t\t\t\t<div class=\"elementor-column elementor-col-100 elementor-top-column elementor-element elementor-element-6cd71b7\" data-id=\"6cd71b7\" data-element_type=\"column\">\n\t\t\t<div class=\"elementor-column-wrap elementor-element-populated\">\n\t\t\t\t\t\t\t<div class=\"elementor-widget-wrap\">\n\t\t\t\t\t\t<div class=\"elementor-element elementor-element-280b148 elementor-widget elementor-widget-spacer\" data-id=\"280b148\" data-element_type=\"widget\" data-widget_type=\"spacer.default\">\n\t\t\t\t<div class=\"elementor-widget-container\">\n\t\t\t<style>\/*! elementor - v3.10.2 - 29-01-2023 *\/\n.elementor-column .elementor-spacer-inner{height:var(--spacer-size)}.e-con{--container-widget-width:100%}.e-con-inner>.elementor-widget-spacer,.e-con>.elementor-widget-spacer{width:var(--container-widget-width,var(--spacer-size));--align-self:var(--container-widget-align-self,initial);--flex-shrink:0}.e-con-inner>.elementor-widget-spacer>.elementor-widget-container,.e-con-inner>.elementor-widget-spacer>.elementor-widget-container>.elementor-spacer,.e-con>.elementor-widget-spacer>.elementor-widget-container,.e-con>.elementor-widget-spacer>.elementor-widget-container>.elementor-spacer{height:100%}.e-con-inner>.elementor-widget-spacer>.elementor-widget-container>.elementor-spacer>.elementor-spacer-inner,.e-con>.elementor-widget-spacer>.elementor-widget-container>.elementor-spacer>.elementor-spacer-inner{height:var(--container-widget-height,var(--spacer-size))}<\/style>\t\t<div class=\"elementor-spacer\">\n\t\t\t<div class=\"elementor-spacer-inner\"><\/div>\n\t\t<\/div>\n\t\t\t\t<\/div>\n\t\t\t\t<\/div>\n\t\t\t\t<div class=\"elementor-element elementor-element-4cb3d6d elementor-invisible elementor-widget elementor-widget-tm-heading\" data-id=\"4cb3d6d\" data-element_type=\"widget\" data-settings=\"{&quot;_animation&quot;:&quot;unicampFadeInUp&quot;}\" data-widget_type=\"tm-heading.default\">\n\t\t\t\t<div class=\"elementor-widget-container\">\n\t\t\t\t\t<div class=\"tm-modern-heading\">\n\t\t\t\n\t\t\t\t\t<div class=\"heading-primary-wrap\">\n\t\t\t<h2 class=\"heading-primary elementor-heading-title\">Notre cabinet a accumul\u00e9 une expertise juridique approfondie pour conseiller, repr\u00e9senter et accompagner nos clients \u00e0 travers les diff\u00e9rentes \u00e9tapes et aspects des op\u00e9rations li\u00e9es \u00e0 leurs soci\u00e9t\u00e9s<\/h2>\t\t<\/div>\n\t\t\n\t\t\t\n\t\t\t\t\t<\/div>\n\t\t\t\t<\/div>\n\t\t\t\t<\/div>\n\t\t\t\t\t\t<\/div>\n\t\t\t\t\t<\/div>\n\t\t<\/div>\n\t\t\t\t\t\t\t\t<\/div>\n\t\t\t\t\t<\/div>\n\t\t<\/section>\n\t\t\t\t<section class=\"elementor-section elementor-top-section elementor-element elementor-element-984fc6d elementor-section-boxed elementor-section-gap-beside-yes elementor-section-height-default elementor-section-height-default elementor-section-column-vertical-align-stretch\" data-id=\"984fc6d\" data-element_type=\"section\">\n\t\t\t\t\t\t<div class=\"elementor-container elementor-column-gap-extended\">\n\t\t\t\t\t\t\t<div class=\"elementor-row\">\n\t\t\t\t\t<div class=\"elementor-column elementor-col-100 elementor-top-column elementor-element elementor-element-e9030dd\" data-id=\"e9030dd\" data-element_type=\"column\">\n\t\t\t<div class=\"elementor-column-wrap elementor-element-populated\">\n\t\t\t\t\t\t\t<div class=\"elementor-widget-wrap\">\n\t\t\t\t\t\t<div class=\"elementor-element elementor-element-934e97c elementor-widget elementor-widget-text-editor\" data-id=\"934e97c\" data-element_type=\"widget\" data-widget_type=\"text-editor.default\">\n\t\t\t\t<div class=\"elementor-widget-container\">\n\t\t\t<style>\/*! elementor - v3.10.2 - 29-01-2023 *\/\n.elementor-widget-text-editor.elementor-drop-cap-view-stacked .elementor-drop-cap{background-color:#818a91;color:#fff}.elementor-widget-text-editor.elementor-drop-cap-view-framed .elementor-drop-cap{color:#818a91;border:3px solid;background-color:transparent}.elementor-widget-text-editor:not(.elementor-drop-cap-view-default) .elementor-drop-cap{margin-top:8px}.elementor-widget-text-editor:not(.elementor-drop-cap-view-default) .elementor-drop-cap-letter{width:1em;height:1em}.elementor-widget-text-editor .elementor-drop-cap{float:left;text-align:center;line-height:1;font-size:50px}.elementor-widget-text-editor .elementor-drop-cap-letter{display:inline-block}<\/style>\t\t\t\t\t<div class=\"elementor-text-editor elementor-clearfix\">\n\t\t\t\t<h6><strong>Conseil Juridique :<\/strong> Nous vous accompagnons\u00a0 avec des conseils juridiques et vous aidons \u00e0 choisir la forme juridique appropri\u00e9e, \u00e0 \u00e9laborer des statuts sociaux et \u00e0 r\u00e9diger des contrats pour assurer la conformit\u00e9 l\u00e9gale.<\/h6><h6><strong>R\u00e9daction de Contrats :<\/strong> Nous r\u00e9digeons et examinons avec vous les contrats tels que les accords d&rsquo;actionnaires, les contrats de cession, les contrats de fusion, et d&rsquo;autres documents n\u00e9cessaires aux op\u00e9rations de droit de soci\u00e9t\u00e9.<\/h6><h6><strong>La Due Diligence :<\/strong> Lors d&rsquo;une op\u00e9ration de fusion, d&rsquo;acquisition ou d&rsquo;investissement, nous pouvons mener une due diligence pour v\u00e9rifier les aspects juridiques de l&rsquo;entreprise cible. Cela garantit que vous soyez inform\u00e9 des risques et des enjeux juridiques potentiels.<\/h6><h6><strong>Structuration et Planification :<\/strong> Nous vous aidons\u00a0 \u00e0 structurer les transactions et les op\u00e9rations conform\u00e9ment aux exigences l\u00e9gales et vous conseiller sur la mani\u00e8re d&rsquo;optimiser la structure pour atteindre les objectifs commerciaux et fiscaux.<\/h6><h6><strong>Approbations L\u00e9gales et R\u00e9glementaires :<\/strong> Les op\u00e9rations de droit des soci\u00e9t\u00e9s peuvent n\u00e9cessiter des approbations r\u00e9glementaires sp\u00e9cifiques. Notre \u00e9quipe vois aide \u00e0 analyser les exigences l\u00e9gales et \u00e0 obtenir les autorisations n\u00e9cessaires.<\/h6><h6><strong>Documentation L\u00e9gale :<\/strong> nous pr\u00e9parons avec vous la documentation l\u00e9gale requise pour les op\u00e9rations de droit des soci\u00e9t\u00e9s, y compris les r\u00e9solutions des organes de direction, les d\u00e9clarations l\u00e9gales, les demandes d&rsquo;autorisations, etc.<\/h6><h6><strong>Contentieux et Litiges :<\/strong> En cas de litiges ou de d\u00e9saccords, nous pouvons vous repr\u00e9senter devant les tribunaux pour r\u00e9soudre les conflits conform\u00e9ment aux lois applicables.<\/h6>\t\t\t\t\t<\/div>\n\t\t\t\t\t\t<\/div>\n\t\t\t\t<\/div>\n\t\t\t\t\t\t<\/div>\n\t\t\t\t\t<\/div>\n\t\t<\/div>\n\t\t\t\t\t\t\t\t<\/div>\n\t\t\t\t\t<\/div>\n\t\t<\/section>\n\t\t\t\t<section class=\"elementor-section elementor-top-section elementor-element elementor-element-f0f1fc1 elementor-section-full_width elementor-section-gap-beside-yes elementor-section-height-default elementor-section-height-default elementor-section-column-vertical-align-stretch\" data-id=\"f0f1fc1\" data-element_type=\"section\">\n\t\t\t\t\t\t<div class=\"elementor-container elementor-column-gap-wider\">\n\t\t\t\t\t\t\t<div class=\"elementor-row\">\n\t\t\t\t\t<div class=\"elementor-column elementor-col-100 elementor-top-column elementor-element elementor-element-670c617\" data-id=\"670c617\" data-element_type=\"column\">\n\t\t\t<div class=\"elementor-column-wrap elementor-element-populated\">\n\t\t\t\t\t\t\t<div class=\"elementor-widget-wrap\">\n\t\t\t\t\t\t<div class=\"elementor-element elementor-element-b35a985 elementor-align-center elementor-widget elementor-widget-tm-button\" data-id=\"b35a985\" data-element_type=\"widget\" data-widget_type=\"tm-button.default\">\n\t\t\t\t<div class=\"elementor-widget-container\">\n\t\t\t\t\t<div class=\"tm-button-wrapper\">\n\t\t\t<a href=\"#\" class=\"tm-button-link tm-button style-flat tm-button-nm icon-right\" role=\"button\">\n\t\t\t\t\t\t<div class=\"button-content-wrapper\">\n\t\t\t\n\t\t\t\t\t\t\t<span class=\"button-text\">Nous contacter<\/span>\n\t\t\t\n\t\t\t\t\t\t\t<span class=\"button-icon\">\n\t\t\t\t\t<i class=\"fas fa-long-arrow-right\"><\/i>\t\t\t\t<\/span>\n\t\t\t\t\t<\/div>\n\t\t\n\t\t\t\t\t\t\t<\/a>\n\t\t<\/div>\n\t\t\t\t<\/div>\n\t\t\t\t<\/div>\n\t\t\t\t<div class=\"elementor-element elementor-element-222a062 elementor-widget elementor-widget-spacer\" data-id=\"222a062\" data-element_type=\"widget\" data-widget_type=\"spacer.default\">\n\t\t\t\t<div class=\"elementor-widget-container\">\n\t\t\t\t\t<div class=\"elementor-spacer\">\n\t\t\t<div class=\"elementor-spacer-inner\"><\/div>\n\t\t<\/div>\n\t\t\t\t<\/div>\n\t\t\t\t<\/div>\n\t\t\t\t\t\t<\/div>\n\t\t\t\t\t<\/div>\n\t\t<\/div>\n\t\t\t\t\t\t\t\t<\/div>\n\t\t\t\t\t<\/div>\n\t\t<\/section>\n\t\t\t\t<section class=\"elementor-section elementor-top-section elementor-element elementor-element-9322d85 elementor-section-boxed elementor-section-gap-beside-yes elementor-section-height-default elementor-section-height-default elementor-section-column-vertical-align-stretch\" data-id=\"9322d85\" data-element_type=\"section\" data-settings=\"{&quot;background_background&quot;:&quot;classic&quot;}\">\n\t\t\t\t\t\t<div class=\"elementor-container elementor-column-gap-extended\">\n\t\t\t\t\t\t\t<div class=\"elementor-row\">\n\t\t\t\t\t<div class=\"elementor-column elementor-col-100 elementor-top-column elementor-element elementor-element-16a6edf\" data-id=\"16a6edf\" data-element_type=\"column\">\n\t\t\t<div class=\"elementor-column-wrap elementor-element-populated\">\n\t\t\t\t\t\t\t<div class=\"elementor-widget-wrap\">\n\t\t\t\t\t\t<div class=\"elementor-element elementor-element-92f0943 elementor-invisible elementor-widget elementor-widget-tm-heading\" data-id=\"92f0943\" data-element_type=\"widget\" data-settings=\"{&quot;_animation&quot;:&quot;unicampFadeInUp&quot;}\" data-widget_type=\"tm-heading.default\">\n\t\t\t\t<div class=\"elementor-widget-container\">\n\t\t\t\t\t<div class=\"tm-modern-heading\">\n\t\t\t\n\t\t\t\t\t<div class=\"heading-primary-wrap\">\n\t\t\t<h3 class=\"heading-primary elementor-heading-title\">Accompagnement sur mesure avec r\u00e9sultats garantis?<\/h3>\t\t<\/div>\n\t\t\n\t\t\t\n\t\t\t\t\t<\/div>\n\t\t\t\t<\/div>\n\t\t\t\t<\/div>\n\t\t\t\t<div class=\"elementor-element elementor-element-b6cffd2 elementor-align-center elementor-invisible elementor-widget elementor-widget-tm-button\" data-id=\"b6cffd2\" data-element_type=\"widget\" data-settings=\"{&quot;_animation&quot;:&quot;unicampFadeInUp&quot;}\" data-widget_type=\"tm-button.default\">\n\t\t\t\t<div class=\"elementor-widget-container\">\n\t\t\t\t\t<div class=\"tm-button-wrapper\">\n\t\t\t<a href=\"#\" class=\"tm-button-link tm-button style-flat tm-button-nm icon-right\" role=\"button\">\n\t\t\t\t\t\t<div class=\"button-content-wrapper\">\n\t\t\t\n\t\t\t\t\t\t\t<span class=\"button-text\">Obtenir une simulation<\/span>\n\t\t\t\n\t\t\t\t\t\t\t<span class=\"button-icon\">\n\t\t\t\t\t<i class=\"fas fa-long-arrow-right\"><\/i>\t\t\t\t<\/span>\n\t\t\t\t\t<\/div>\n\t\t\n\t\t\t\t\t\t\t<\/a>\n\t\t<\/div>\n\t\t\t\t<\/div>\n\t\t\t\t<\/div>\n\t\t\t\t\t\t<\/div>\n\t\t\t\t\t<\/div>\n\t\t<\/div>\n\t\t\t\t\t\t\t\t<\/div>\n\t\t\t\t\t<\/div>\n\t\t<\/section>\n\t\t\t\t\t\t\t\t\t<\/div>\n\t\t\t<\/div>\n\t\t\t\t\t<\/div>\n\t\t","protected":false},"excerpt":{"rendered":"<p>Conseil et optimisation globale de votre activit\u00e9 professionnelle Notre cabinet a accumul\u00e9 une expertise juridique approfondie pour conseiller, repr\u00e9senter et accompagner nos clients \u00e0 travers les diff\u00e9rentes \u00e9tapes et aspects des op\u00e9rations li\u00e9es \u00e0 leurs soci\u00e9t\u00e9s Conseil Juridique : Nous vous accompagnons\u00a0 avec des conseils juridiques et vous aidons \u00e0 choisir la forme juridique appropri\u00e9e, \u00e0 \u00e9laborer des statuts sociaux et \u00e0 r\u00e9diger des contrats pour assurer la conformit\u00e9 l\u00e9gale. R\u00e9daction de Contrats : Nous r\u00e9digeons et examinons avec vous les contrats tels que les accords d&rsquo;actionnaires, les contrats de cession, les contrats de fusion, et d&rsquo;autres documents n\u00e9cessaires aux op\u00e9rations de droit de soci\u00e9t\u00e9. La Due Diligence : Lors d&rsquo;une op\u00e9ration de fusion, d&rsquo;acquisition ou d&rsquo;investissement, nous pouvons mener une due diligence pour v\u00e9rifier les aspects juridiques de l&rsquo;entreprise cible. Cela garantit que vous soyez inform\u00e9 des risques et des enjeux juridiques potentiels. Structuration et Planification : Nous vous aidons\u00a0 \u00e0 structurer les transactions et les op\u00e9rations conform\u00e9ment aux exigences l\u00e9gales et vous conseiller sur la mani\u00e8re d&rsquo;optimiser la structure pour atteindre les objectifs commerciaux et fiscaux. Approbations L\u00e9gales et R\u00e9glementaires : Les op\u00e9rations de droit des soci\u00e9t\u00e9s peuvent n\u00e9cessiter des approbations r\u00e9glementaires sp\u00e9cifiques. Notre \u00e9quipe vois aide \u00e0 analyser les exigences l\u00e9gales et \u00e0 obtenir les autorisations n\u00e9cessaires. Documentation L\u00e9gale : nous pr\u00e9parons avec vous la documentation l\u00e9gale requise pour les op\u00e9rations de droit des soci\u00e9t\u00e9s, y compris les r\u00e9solutions des organes de direction, les d\u00e9clarations l\u00e9gales, les demandes d&rsquo;autorisations, etc. Contentieux et Litiges : En cas de litiges ou de d\u00e9saccords, nous pouvons vous repr\u00e9senter devant les tribunaux pour r\u00e9soudre les conflits conform\u00e9ment aux lois applicables. Nous contacter Accompagnement sur mesure avec r\u00e9sultats garantis? Obtenir une simulation<\/p>\n","protected":false},"author":1,"featured_media":0,"parent":0,"menu_order":0,"comment_status":"closed","ping_status":"closed","template":"","meta":{"footnotes":""},"class_list":["post-3784","page","type-page","status-publish","hentry","post-no-thumbnail"],"_links":{"self":[{"href":"https:\/\/av.dlinks.fr\/lm113757\/index.php\/wp-json\/wp\/v2\/pages\/3784","targetHints":{"allow":["GET"]}}],"collection":[{"href":"https:\/\/av.dlinks.fr\/lm113757\/index.php\/wp-json\/wp\/v2\/pages"}],"about":[{"href":"https:\/\/av.dlinks.fr\/lm113757\/index.php\/wp-json\/wp\/v2\/types\/page"}],"author":[{"embeddable":true,"href":"https:\/\/av.dlinks.fr\/lm113757\/index.php\/wp-json\/wp\/v2\/users\/1"}],"replies":[{"embeddable":true,"href":"https:\/\/av.dlinks.fr\/lm113757\/index.php\/wp-json\/wp\/v2\/comments?post=3784"}],"version-history":[{"count":19,"href":"https:\/\/av.dlinks.fr\/lm113757\/index.php\/wp-json\/wp\/v2\/pages\/3784\/revisions"}],"predecessor-version":[{"id":3888,"href":"https:\/\/av.dlinks.fr\/lm113757\/index.php\/wp-json\/wp\/v2\/pages\/3784\/revisions\/3888"}],"wp:attachment":[{"href":"https:\/\/av.dlinks.fr\/lm113757\/index.php\/wp-json\/wp\/v2\/media?parent=3784"}],"curies":[{"name":"wp","href":"https:\/\/api.w.org\/{rel}","templated":true}]}}